rime factors of 81487?
7, 1663
List the prime factors of 29417293.
17, 1730429
What are the prime factors of 26764858?
2, 13382429
What are the prime factors of 440664?
2, 3, 7, 43, 61
What are the prime factors of 343958?
2, 229, 751
What are the prime factors of 97360?
2, 5, 1217
What are the prime factors of 662596?
2, 11, 37
What are the prime factors of 26951838?
2, 3, 97, 46309
What are the prime factors of 11329180?
2, 5, 59, 9601
List the prime factors of 727206.
2, 3, 19, 6379
List the prime factors of 3126942.
2, 3, 7, 13, 23, 83
List the prime factors of 195660.
2, 3, 5, 1087
List the prime factors of 9478.
2, 7, 677
What are the prime factors of 47835?
3, 5, 1063
What are the prime factors of 506445?
3, 5, 19, 1777
What are the prime factors of 376838?
2, 7, 11, 2447
List the prime factors of 1488261.
3, 23, 21569
What are the prime factors of 571217?
17, 33601
List the prime factors of 21472.
2, 11, 61
What are the prime factors of 4037002?
2, 491, 4111
List the prime factors of 32029164.
2, 3, 889699
List the prime factors of 20961927.
3, 7, 332729
List the prime factors of 2120189.
17, 124717
List the prime factors of 22321.
13, 17, 101
What are the prime factors of 7154233?
163, 43891
List the prime factors of 4854424.
2, 19, 109, 293
What are the prime factors of 7800026?
2, 13, 47, 491
List the prime factors of 1663213.
1117, 1489
List the prime factors of 1302088.
2, 47, 3463
List the prime factors of 38680.
2, 5, 967
What are the prime factors of 7568150?
2, 5, 23, 6581
List the prime factors of 185027.
185027
List the prime factors of 451188.
2, 3, 83, 151
What are the prime factors of 413473?
313, 1321
List the prime factors of 1910762.
2, 7, 136483
What are the prime factors of 3086922?
2, 3, 23, 22369
What are the prime factors of 229963?
229963
What are the prime factors of 389607?
3, 61, 2129
List the prime factors of 13704678.
2, 3, 13, 58567
List the prime factors of 34144706.
2, 83, 103, 1997
What are the prime factors of 7789536?
2, 3, 17, 37, 43
What are the prime factors of 756123?
3, 103, 2447
List the prime factors of 602582.
2, 17, 37, 479
List the prime factors of 1327597.
37, 53, 677
List the prime factors of 967011.
3, 17, 67, 283
List the prime factors of 171752.
2, 7, 3067
List the prime factors of 767613.
3, 7, 11, 3323
List the prime factors of 20032241.
23, 870967
What are the prime factors of 6702643?
271, 24733
What are the prime factors of 1116687?
3, 11, 13, 19, 137
List the prime factors of 14670473.
17, 433, 1993
List the prime factors of 15339109.
2237, 6857
List the prime factors of 271650.
2, 3, 5, 1811
What are the prime factors of 2202246?
2, 3, 122347
What are the prime factors of 1779090?
2, 3, 5, 31, 1913
What are the prime factors of 31568767?
31568767
What are the prime factors of 11606585?
5, 2321317
What are the prime factors of 1026737?
163, 6299
What are the prime factors of 259287?
3, 7, 12347
List the prime factors of 8652392.
2, 7, 367, 421
What are the prime factors of 436835?
5, 7, 1783
What are the prime factors of 10496327?
17, 479, 1289
List the prime factors of 179655.
3, 5, 7, 29, 59
List the prime factors of 53659.
23, 2333
What are the prime factors of 7594981?
79, 127, 757
What are the prime factors of 2293038?
2, 3, 11, 37, 313
What are the prime factors of 151797?
3, 50599
What are the prime factors of 543598?
2, 11, 24709
What are the prime factors of 8751732?
2, 3, 11, 66301
What are the prime factors of 24126?
2, 3, 4021
List the prime factors of 5693911.
1237, 4603
What are the prime factors of 3568079?
17, 209887
List the prime factors of 1149918.
2, 3, 7, 11, 19, 131
What are the prime factors of 14509?
11, 1319
List the prime factors of 414937.
53, 7829
List the prime factors of 3680826.
2, 3, 613471
What are the prime factors of 648977?
7, 83, 1117
What are the prime factors of 422160?
2, 3, 5, 1759
What are the prime factors of 18712633?
281, 66593
List the prime factors of 299736.
2, 3, 23, 181
List the prime factors of 30353097.
3, 10117699
What are the prime factors of 21337609?
2063, 10343
List the prime factors of 12484643.
239, 52237
What are the prime factors of 5901010?
2, 5, 251, 2351
List the prime factors of 4397371.
11, 399761
What are the prime factors of 2176913?
31, 70223
List the prime factors of 1455568.
2, 29, 3137
List the prime factors of 475790.
2, 5, 7, 971
What are the prime factors of 1654505?
5, 23, 14387
List the prime factors of 409117.
599, 683
List the prime factors of 222307.
131, 1697
List the prime factors of 9109959.
3, 397, 7649
List the prime factors of 27148.
2, 11, 617
What are the prime factors of 1936308?
2, 3, 11, 14669
List the prime factors of 8455704.
2, 3, 29, 12149
List the prime factors of 155596.
2, 7, 5557
List the prime factors of 579607.
7, 31, 2671
What are the prime factors of 3202807?
673, 4759
List the prime factors of 2634501.
3, 878167
List the prime factors of 725464.
2, 29, 53, 59
List the prime factors of 2318507.
2318507
List the prime factors of 109370.
2, 5, 10937
List the prime factors of 1363579.
7, 131, 1487
List the prime factors of 918965.
5, 23, 61, 131
What are the prime factors of 5598?
2, 3, 311
What are the prime factors of 536645?
5, 29, 3701
List the prime factors of 200081.
7, 101, 283
List the prime factors of 34910595.
3, 5, 59, 487
List the prime factors of 1817643.
3, 67, 9043
List the prime factors of 424631.
19, 22349
List the prime factors of 1499014.
2, 11, 61, 1117
List the prime factors of 7357268.
2, 1839317
What are the prime factors of 395102?
2, 197551
List the prime factors of 518139.
3, 57571
What are the prime factors of 1156549?
19, 29, 2099
List the prime factors of 12639322.
2, 61, 211, 491
List the prime factors of 547430.
2, 5, 13, 4211
List the prime factors of 717673.
11, 53, 1231
What are the prime factors of 1100109?
3, 366703
List the prime factors of 171438.
2, 3, 28573
What are the prime factors of 295904?
2, 7, 1321
What are the prime factors of 12738109?
2897, 4397
List the prime factors of 208332.
2, 3, 643
What are the prime factors of 11386286?
2, 241, 23623
List the prime factors of 130098.
2, 3, 21683
What are the prime factors of 2309189?
433, 5333
List the prime factors of 2183901.
3, 131, 5557
List the prime factors of 3490037.
563, 6199
What are the prime factors of 333851?
7, 37, 1289
What are the prime factors of 5213289?
3, 79, 21997
List the prime factors of 14734.
2, 53, 139
List the prime factors of 178136.
2, 7, 3181
What are the prime factors of 780089?
829, 941
What are the prime factors of 15094?
2, 7547
List the prime factors of 9149076.
2, 3, 254141
List the prime factors of 10176442.
2, 23, 221227
What are the prime factors of 7683628?
2, 109, 17623
List the prime factors of 2491.
47, 53
What are the prime factors of 5543327?
31, 178817
What are the prime factors of 15701305?
5, 251, 12511
What are the prime factors of 171372?
2, 3, 14281
List the prime factors of 18002007.
3, 222247
What are the prime factors of 1311802?
2, 655901
What are the prime factors of 19884091?
733, 27127
What are the prime factors of 1445354?
2, 433, 1669
What are the prime factors of 1630201?
41, 39761
List the prime factors of 5918343.
3, 1972781
What are the prime factors of 553149?
3, 6829
List the prime factors of 4982574.
2, 3, 757, 1097
What are the prime factors of 28745172?
2, 3, 266159
List the prime factors of 34915688.
2, 17, 139, 1847
List the prime factors of 669395.
5, 83, 1613
List the prime factors of 3769517.
97, 38861
What are the prime factors of 8965?
5, 11, 163
List the prime factors of 13605.
3, 5, 907
List the prime factors of 157768.
2, 13, 37, 41
What are the prime factors of 5652762?
2, 3, 149, 6323
List the prime factors of 10371671.
10371671
List the prime factors of 1235511.
3, 137279
What are the prime factors of 1054472?
2, 89, 1481
What are the prime factors of 11280346?
2, 7, 11, 6659
What are the prime factors of 631622?
2, 315811
List the prime factors of 2155969.
137, 15737
What are the prime factors of 13146188?
2, 11, 298777
What are the prime factors of 111743?
131, 853
What are the prime factors of 729090?
2, 3, 5, 8101
List the prime factors of 362108.
2, 90527
List the prime factors of 12626850.
2, 3, 5, 841